6/8. Let y(m) be the second derivative of -1/6*m**z + 0 + 5*m - 3*m**2. Calculate y(-5).
-1
Let h(x) = 6*x**2 - 10*x + 1. Let t(f) = 5*f**2 - 10*f + 2. Let o(y) = 4*h(y) - 5*t(y). What is o(8)?
10
Let q(d) = 2*d - 2*d + 1 - 2*d. Let n = -11 + 10. Determine q(n).
3
Let x(m) be the third derivative of -m**6/120 - m**5/12 - m**4/12 - 2*m**3/3 - 4*m**2. Give x(-5).
6
Suppose 0 = -5*r + 4*r + 3. Let k(h) = -2*h**2 + 1 - 2*h**3 - h - 2*h + 2*h**3 + h**r. Determine k(3).
1
Let w(t) = -2*t**3 + 2*t**2 - t + 2. Let m be -2 - (-6 + (0 - -2)). Give w(m).
-8
Let u be ((-42)/35)/((-2)/5). Let z(m) = -5*m**2 - 10*m - 2*m**3 + m**u + 17*m + 6. Determine z(-6).
0
Let n(y) be the first derivative of -5*y**4 + y**3/3 + y**2/2 - 18. Calculate n(-1).
20
Let b(a) be the second derivative of a**3/6 - a. Suppose 3 = -2*o + 7. Suppose 0*r + o = r. What is b(r)?
2
Let i(q) be the third derivative of -1/4*q**4 - 1/3*q**3 + 0 - 1/60*q**5 + 0*q + 7*q**2. Give i(-4).
6
Let a(p) = p - 2. Let m be 0/(-3 - -2) - 0. Let z be (m - 0) + 0 + 1. Let n be a(z). Let x(h) = 3*h**3 - h**2 - h. What is x(n)?
-3
Let d(g) be the second derivative of g**5/20 - 17*g**4/12 + 8*g**3/3 - 7*g**2/2 - 16*g - 1. Calculate d(16).
-7
Let s = 1 + 2. Let t(y) = -y. Let m(b) = 4*b - 5. Let c(r) = s*t(r) + m(r). Calculate c(5).
0
Let c(u) = 3 - 6 + 3 - 1 + 4*u**2. Calculate c(-2).
15
Let a = -11 + 12. Let k(p) = p**3 - p**2 - 2*p + 1. Calculate k(a).
-1
Let x(q) = -2*q + 7*q**2 - 7*q**2 + 5 - q**2. Let s be (-2)/(-9) - (-94)/(-18). Give x(s).
-10
Let f(j) = 7*j + 1. Let b(u) = 3*u + 1. Let v(x) = 7*b(x) - 4*f(x). Suppose -20 = 3*i - i + 2*m, -2*i - m = 18. Let a be (i/6)/((-4)/6). Determine v(a).
-11
Let r(k) = -k**2 - 7*k - 3. Let w be r(-6). Suppose -a + w = 2. Let j(x) = -5*x**3 + x**2 - x. What is j(a)?
-5
Let y(t) = 20*t**3 + 7*t**2 + 14*t - 33. Let w(o) = 7*o**3 + 2*o**2 + 5*o - 11. Let q(j) = 17*w(j) - 6*y(j). Determine q(-8).
3
Let o(k) = -11*k**3 + 2*k - 1. Let y = 151 + -150. Give o(y).
-10
Suppose -4*b = -7*b. Let z(k) = 3*k + b*k - 2*k - 13. Give z(6).
-7
Let h(y) = y - 2. Let v = 31 + -19. Suppose 4*k = k + v. Give h(k).
2
Let z(c) = -10*c + 10. Let j = 4 - 2. Let w be ((-48)/9)/(j/6). Let r(o) = -3*o + 3. Let s(t) = w*r(t) + 5*z(t). Calculate s(-2).
6
Let f(a) = a - 6*a + a. Let y(k) = k + 9. Let o be y(-11). Calculate f(o).
8
Let q(z) = z**2 + z + 1. Let g(a) = -5*a**2 - 5*a - 4. Let s(t) = -2*g(t) - 9*q(t). Let v = -8 + 10. Calculate s(v).
5
Let o(i) = -i - 3. Let p(u) = -u**2 - 4*u - 8. Let k be p(-2). Calculate o(k).
1
Let g(y) = -y**2 - 15 + 14 + 8*y**2. Give g(1).
6
Let w(n) = -2*n - 8 - n - 1. Let r be w(-4). Let j(b) = b**3 - 5*b**2 + 2*b. Give j(r).
-12
Let h(c) = -c. Let m = 5 - 7. Determine h(m).
2
Let b(s) = s**3 - 5*s**2 - 2*s + 7. Let r = 19 - 14. Give b(r).
-3
Let d be -3 - -4 - -1*2. Let p(t) be the second derivative of -t + 1/6*t**3 + 3/2*t**2 + 0. Give p(d).
6
Let n(q) be the second derivative of q**3/3 - q**2 - q. Suppose 0 = -t - 3*t + 72. Suppose -4*h + t = 2. What is n(h)?
6
Let v(i) be the first derivative of i**5/20 - i**4/12 + i**3/6 - i - 3. Let j(m) be the first derivative of v(m). Determine j(0).
0
Let r be ((-3)/9)/(5/(-30)). Let l(o) be the third derivative of -o**2 - 1/6*o**3 + 1/6*o**4 + 0 + 0*o. What is l(r)?
7
Let h(x) = -x - 12. Let k be h(-9). Let o be 1/(k/15*1). Let r(y) = -7*y - 2. Let t(p) = 13*p + 5. Let v(f) = -11*r(f) - 6*t(f). Determine v(o).
-3
Suppose -5*z + f - 12 = -80, 2*f = z - 19. Let p = -8 + z. Suppose 2*j + 3 = 3*d, j = d - j - p. Let y(h) = -3*h. Determine y(d).
3
Let a(d) = d**2 + 7*d + 8. Let u be a(-2). Let g(p) = -3*p**3 - 2*p**2 + p. What is g(u)?
14
Let z(f) = f**3 - 5*f**2 + 5*f - 2. Let o = -46 + 65. Let q be ((-12)/15)/((-10)/25). Let j be o/7 + q/7. Calculate z(j).
-5
Suppose 4*b = -b - 5*w + 30, 2*b - 5*w = -2. Let k(q) be the second derivative of -q**5/20 + 5*q**4/12 - q**3 - q. Calculate k(b).
-8
Let l(b) be the first derivative of -2*b**3/3 + b**2/2 + b - 3. Let m = -30 + 29. Determine l(m).
-2
Let r = -7 - 0. Let o(z) = -z**2 - 6*z. Give o(r).
-7
Suppose -2*f + 3*f = -3. Let u(y) = -3 + 0 - 4*y - y**2 + 2. Determine u(f).
2
Suppose 5 = 2*x + 3*l, -2*x + 0*x + 3*l - 1 = 0. Let y(g) be the second derivative of 1/2*g**2 + 3/10*g**5 - 1/3*g**3 + 0 + 1/6*g**4 - g. Calculate y(x).
7
Let b = 5 + -1. Suppose 2*r + 2 = -4*q, -4*q + b*r = 10 - 2. Let x(h) = -3*h**2 + 4*h**2 + 0*h**2. Give x(q).
1
Suppose 2*o - 10 = 2*l, 4*o - 2*o - l - 7 = 0. Let g(p) = p - o*p - 6 + 10. Determine g(-5).
9
Let m = -5 - -9. Let c be m/(-6)*(-6)/(-4). Let k(v) = 4*v**2 + 2*v + 1. What is k(c)?
3
Let t(k) be the third derivative of -2*k**2 + 0*k + 0*k**3 + 0 + 2/15*k**5 - 1/6*k**4. Let j(u) = -9*u**2 + 5*u. Let i(x) = -4*j(x) - 5*t(x). Give i(-1).
-4
Suppose -24 = 4*c + 2*g - 0, 4*c - 4*g = -48. Let s(h) = h + 11. Give s(c).
3
Let m(s) = s**2 - 6*s - 5. Let u(d) = d**2 - d. Let x be u(3). Calculate m(x).
-5
Let v(z) = -z**3 - 2*z. Let d(k) = -2*k**3 - 3*k. Let r(t) = 3*d(t) - 4*v(t). Give r(1).
-3
Let l(v) = -20*v - 26. Suppose -2*m = -3*m + 5. Let c(n) be the third derivative of -7*n**4/24 - 3*n**3/2 + n**2. Let o(b) = m*l(b) - 14*c(b). Give o(-5).
6
Let x(c) = -3*c + 1. Let a be 12/(-21) - (-20)/(-14). What is x(a)?
7
Suppose -4*y = -12 - 4. Let s be (-5)/3 + y/6. Let r(g) = 2*g**3 + g**2 + g + 1. What is r(s)?
-1
Let m be 45/12 + (-2)/(-8). Let u(f) = -f - m*f**2 - f**3 - 1 - 3*f + f. Let x be (2/6)/((-3)/18). Calculate u(x).
-3
Suppose -4*p + 4 = 4*a, 0 = 2*a + a + 4*p - 8. Let v = a + 6. Let l(o) = o**v - 5*o + 2 + 3 - 7 + 1. Give l(6).
5
Suppose -6 = -2*u - 0. Let i(z) = -28*z**2 - 20*z + 25. Let f(c) = 10*c**2 + 7*c - 9. Let y(m) = -17*f(m) - 6*i(m). What is y(u)?
-12
Let n(w) = -2*w**2 + w**2 + 2*w**2. Let t be ((-8)/6)/(2/9). Let o(l) = 6*l**3 + 8*l**2 + 2*l + 1. Let s(x) = t*n(x) + o(x). Give s(-1).
-5
Let c(u) be the second derivative of -u**2/2 + u. Let g(b) = 2*b - 4. Let a(j) = -3*c(j) + g(j). Determine a(4).
7
Let n = 65/498 + 3/83. Let t(x) be the second derivative of 2*x + n*x**3 - 1/2*x**2 + 0. What is t(1)?
0
Let d(r) = r**3 + r**2 - 3*r - 1. Suppose 0 = 3*j + 2*y - 4, -4*j - 2*y = 2*y - 4. Suppose 2*p = j*h - 4, 0 = 3*h - 6*h - 4*p - 22. Calculate d(h).
1
Suppose 2*u = 4*u + 4. Let j be (u/5)/((-1)/(-10)). Let t(c) = 0*c + 3 + 3*c + c**3 + 3 + 4*c**2. Give t(j).
-6
Let p(f) be the first derivative of 4*f**2 - f - 1. Let b(o) = 7*o - 1. Let n(i) = 3*b(i) - 2*p(i). Give n(-1).
-6
Let t(q) = q**2 + 9*q - 2. Let j be t(-9). Let l be -2 + j + 2 + 6. Let f = l - 0. Let m(r) = r - 7. What is m(f)?
-3
Let g(a) = -a - 4. Suppose -3*m + 0*m = 2*x + 2, -5*x = 3*m + 14. Let w = m - 6. Calculate g(w).
0
Let w(r) = -20*r + 36. Let y(f) = 7*f - 12. Let d(h) = -6*w(h) - 17*y(h). Let l be d(9). Let m(k) = -k**3 - 3*k**2 + k - 4. Give m(l).
-7
Let z(f) = 4*f**2 - 2*f + 11. Let h(w) = 2*w**2 - w + 6. Suppose -6*o + o = -55. Let r(u) = o*h(u) - 6*z(u). Let m be 3 + (-1)/1 - 1. Calculate r(m).
-1
Let o be 8/((-5)/(20/(-8))). Let i(v) = -v**2 - o + 20*v - 4*v**3 - 21*v + 6 - 1. Give i(1).
-5
Let u(r) = 4*r**2 - 1 + 1 + 1. Let i be u(-1). Let h(m) = 0*m + 7*m + 9 - 8*m. Give h(i).
4
Suppose 3*w = 10*w. Let v(s) = -5*s**2 - 5*s - 3. Let p(y) = -4*y**2 - 4*y - 4. Let o(z) = -4*p(z) + 3*v(z). What is o(w)?
7
Let h(n) = -n**2 + 20. Let x be h(5). Let u(i) = -i. Let t(s) = -s**3 - 5*s**2 - 3. Let w(f) = -t(f) - u(f). Determine w(x).
-2
Let q be (-1)/(-3) - 50/6. Let k = q - -13. Let i = k - 9. Let s(j) = j**2 + 2*j - 5. Determine s(i).
3
Let j(d) be the second derivative of 2*d**3 - d**2/2 + 4*d. Let h be 2/(-2 + 0) + 2. Calculate j(h).
11
Let x(f) = f**3 + 6*f**2 - 2*f - 8. Suppose 3*y + 1 = -3*l - 5, y + 5*l - 14 = 0. Give x(y).
4
Let a(c) = -c**3 + 4*c**2 - 4*c. Let s = 24 - 21. What is a(s)?
-3
Let o(t) = -3*t**3 - 2*t**2 - 2*t - 1. Let b be (5 - 6)/((-2)/(-2)). What is o(b)?
2
Let v(f) = f + 9. Let m be v(0). Suppose -m = 2*s - 5*s. Let h(t) = 2 - 5*t**2 + t**3 - 4*t + t + 2*t**2. What is h(s)?
-7
Let t(x) = -12*x + 73. Let u be t(7). Let b(m) = m**3 + 11*m**2 - m - 13. Give b(u).
-2
Let t(c) = 3 + 5 + 2*c - c**2 - 6*c. Let i = 2 - 8. Calculate t(i).
-4
Let w(m) be the third derivative of -m**5/60 - m**4/6 - m**3/2 - 6*m**2. What is w(-4)?
-3
Let